. Let b = -8 + 40. What is the highest common factor of b and y?
16
Let j be 18/5*(-50)/15. Let y(q) be the second derivative of -q**4/12 - 2*q**3 + 3*q**2 - 8*q. Let x be y(j). What is the greatest common factor of 66 and x?
6
Let h be 465/45 + 1/(-3). Suppose -5*f = 2*p - 21, 4*f - 3*f - 2*p = 9. What is the highest common factor of h and f?
5
Suppose 0 = 5*x + 1 - 16. Suppose -3*v + 3*j - 97 - 98 = 0, 193 = -x*v + 5*j. Let a = 117 + v. What is the greatest common factor of 34 and a?
17
Let y(z) = -11*z**3 - 10*z**2 + 38. Let k be y(-7). What is the greatest common factor of 9 and k?
9
Suppose 3*l = -5*g + 5 - 18, -5 = -5*l - 3*g. Suppose 0 = l*k - 9 - 39. Calculate the greatest common divisor of 12 and k.
12
Let r = 472 + -337. What is the greatest common divisor of 15 and r?
15
Suppose -5*h = -i - 75, -3*h + i + 2*i = -57. What is the greatest common factor of h and 574?
14
Let k be 480/14*(-63)/(-6). Suppose -4*j + 12 = -4*z, 0 = 4*j + 4*z - 2*z + 6. Suppose j*o - k = -5*o. What is the greatest common divisor of o and 8?
8
Let i = 183 - 139. What is the highest common divisor of 44 and i?
44
Let f(v) = v**2 + 617*v + 4873. Let k be f(-8). Suppose 0 = 3*z - 5 + 2. Suppose g = 3 + z. Calculate the highest common divisor of k and g.
1
Let u = 2038 - 1977. What is the highest common factor of u and 1891?
61
Suppose -48*t + 39*t + 108 = 0. What is the highest common divisor of t and 20?
4
Suppose -4*q = -0*q. Let w be -3 + 1 + (-4)/(-1). Suppose -w*j = -q*j - 136. Calculate the greatest common divisor of 17 and j.
17
Let n(y) = y + 24. Let w be n(0). Suppose 0 = -2*l - 4*l - 192. Let x be 4 + (-1)/1*l. What is the greatest common divisor of x and w?
12
Let v = 5 - -4. Let r = -24 + 29. Let f = 104 - r. Calculate the greatest common divisor of v and f.
9
Let s(w) = 3*w - 5. Let p be s(4). Suppose -990 = -p*a + 2*a. What is the greatest common divisor of a and 18?
18
Let c(h) = -2*h**3 + 10*h**2 + 98*h - 14. Let d be c(-9). What is the highest common divisor of 28 and d?
28
Let w(o) = 226*o + 6. Let s be w(1). Let x = -2 + s. Calculate the greatest common divisor of x and 92.
46
Let k(n) = n**3 + 48*n**2 + 44*n - 101. Let b be k(-47). Calculate the highest common factor of b and 56.
8
Let h = 83 - 33. Calculate the highest common divisor of h and 450.
50
Let p = 2689 - 2654. Calculate the greatest common divisor of 1190 and p.
35
Suppose k - 3*n = 70 + 52, -124 = -k + 5*n. What is the highest common factor of k and 21?
7
Let b = 16 + -8. Suppose 249 = 9*v - 6*v + 3*z, -2*z + 254 = 3*v. What is the greatest common factor of b and v?
8
Suppose -2*s + 437 = -5*s - 2*r, 4*r = s + 155. Let t = 160 - 251. Let p = t - s. What is the highest common factor of 28 and p?
28
Let j(x) = x**3 + 22*x**2 + 98*x - 16. Let a be j(-15). Calculate the greatest common factor of 356 and a.
89
Let q = -882 - -1050. What is the highest common factor of q and 21?
21
Suppose 1527 + 1056 = 41*a. What is the highest common factor of 105 and a?
21
Let w be (-1)/(2/24)*(-12)/9. Suppose w*b = 19*b - 6. Calculate the highest common factor of 18 and b.
2
Let p be (2*14/(-10))/((-1)/25). Let q be (-1)/(-1) - (-4 + 3). Let k be 14/((-6)/(-2) - q). Calculate the highest common factor of p and k.
14
Suppose 5*q = 31 + 9. Suppose -5*b = 3*c - 43, -1 = 4*c + 3*b - q*b. Calculate the greatest common divisor of 12 and c.
6
Let n be (-348)/9*((-27)/(-6))/(-3). Suppose 5*u - n = 4*m, -5*m - 19 = -3*u + 21. Calculate the highest common factor of u and 25.
5
Suppose -3*o + 3*g = -0*o - 18, g = 4*o - 9. Let m be 54/30 - o/(-5). Suppose m = t + t, -5*u = -5*t. What is the highest common factor of u and 1?
1
Let p(s) = -16*s - 85. Let m be p(-10). What is the greatest common factor of m and 15?
15
Let k be 2/5*(-50)/16*8. Let d(t) = -t**3 - 8*t**2 + 12*t + 19. Let g be d(k). What is the highest common factor of 9 and g?
9
Let w = -38 + 48. Let q be 12*(5 - 45/w). Calculate the greatest common factor of 2 and q.
2
Let l be (-20)/420 + 800/42. Calculate the highest common divisor of l and 4.
1
Let i be ((-12)/7)/((-8)/252). Suppose -2*g = -5*k + 76, -g + i = 3*k + 15. What is the greatest common divisor of 28 and k?
14
Let h be (-6)/(-33) - (-106)/22. Suppose h*z = 1 + 4. Let a be (1/(-1) + 6)/z. What is the highest common factor of 5 and a?
5
Suppose 42 = -4*r + 90. Calculate the highest common divisor of r and 36.
12
Let j(s) = -s**2 - 23*s - 24. Let h be j(-17). Suppose h = 2*u - 0*u. What is the highest common divisor of u and 26?
13
Let r(m) = -10*m - 2. Let g be r(-2). What is the highest common divisor of 162 and g?
18
Let k = 14 - 10. Suppose 11*s - 41 - 47 = 0. Calculate the greatest common divisor of s and k.
4
Let u(j) = 2*j**2 - 50*j + 50. Let d be u(24). Let z(y) = y + 1. Let f be z(5). What is the greatest common factor of f and d?
2
Suppose -10*t - 3 = -7*t. Let c be (-5 + 4)/(t/48). Calculate the highest common divisor of c and 4.
4
Let j(o) = -o**2 + 3*o + 5. Let v be j(4). Let p(b) = 18*b + 3. Let z be p(v). Let i = z - 17. Calculate the highest common divisor of i and 6.
2
Let n be (-434)/28*6/((-15)/5). What is the highest common divisor of n and 403?
31
Suppose 2*z - 9 = 5*m + 14, -67 = -3*z + m. Let w be 2*4*2*1. What is the highest common factor of w and z?
8
Suppose 252 = -13*z + 16*z. Suppose p - 39 = -4*y, -2*p - y + z = p. Suppose -39 = -6*m + p. Calculate the highest common factor of 44 and m.
11
Let g(q) = 7*q**3 + 7*q - 6. Let w be g(2). Calculate the highest common factor of 16 and w.
16
Suppose 4*o - 2*n - 4 = 0, 3*n + n + 8 = 3*o. Suppose -2*w + o*w = -28. Calculate the highest common factor of 14 and w.
14
Let z be ((-108)/(-48))/(-9) - 25/(-4). What is the greatest common divisor of 780 and z?
6
Suppose -5*d = -5*i + 57 - 22, 20 = -4*i. Let b = d + 24. Let a = -5 + 65. What is the greatest common divisor of a and b?
12
Suppose 0*n - 3*n - 6 = 0. Let p be (n/6)/((-1)/15). Suppose 4*a - 23 - p = 0. Calculate the greatest common factor of a and 49.
7
Suppose -38 = -4*w + 4*k + 58, 4*w - 94 = 3*k. Calculate the greatest common divisor of w and 11.
11
Suppose -20*y = -962 + 62. What is the highest common divisor of y and 945?
45
Let v = -5 + 7. Suppose -v*n + 33 + 7 = 0. Let y be 5/(n/44) + 1. Calculate the greatest common factor of 108 and y.
12
Suppose -21 + 0 = -3*j. Suppose 8*r - 185 = 319. What is the greatest common divisor of j and r?
7
Let p be (16/56)/((-1)/(-14)). Let m(j) = j - 4. Let x be m(4). Suppose x*c + c = -1, p*g - 133 = c. What is the highest common factor of 22 and g?
11
Let h = 12 + -12. Suppose 4*v + 12 = h, v - 31 = -0*g - g. Calculate the highest common factor of g and 51.
17
Let j = 72 - 72. Suppose j = -10*b + 345 + 155. What is the highest common divisor of b and 20?
10
Let f be 6/(-7)*56/(-6). Let q = f + -5. Calculate the greatest common divisor of q and 6.
3
Let p(z) = z + 7. Let y be p(-5). Let a = 388 + -648. Let n be a/(-45) - (-4)/18. What is the greatest common factor of y and n?
2
Suppose -4*m = -6*m + 28. Let f = 5 - 81. Let n = m - f. Calculate the highest common factor of n and 36.
18
Suppose -q - 48 = -2*q. Let k = 68 + -34. Let j = k - 22. Calculate the highest common divisor of j and q.
12
Let f be 9700/500 + (1 - 7/5). Suppose 4*h = -4*r + 168, -3*r - h = -0*r - 118. What is the greatest common divisor of r and f?
19
Let k = 982 - 696. What is the greatest common factor of k and 26?
26
Let r be (-5)/(42/(-54) - 2/9). Let p be 193/13 + 0 + (-4)/(-26). What is the greatest common divisor of r and p?
5
Let z = -257 + 301. What is the greatest common factor of z and 396?
44
Let w = -635 - -1013. What is the greatest common divisor of 18 and w?
18
Let c = -1751 + 1769. Calculate the highest common factor of c and 402.
6
Let f(r) = 33*r**2 - 2. Let q be f(-2). Let n = q + -89. Let y = n + -23. What is the greatest common divisor of y and 36?
18
Suppose 5*c + c - 30 = 0. Suppose c*d - 7 = 8. Let w be ((-2)/(-4))/(d/36). Calculate the greatest common divisor of w and 54.
6
Let g be 1539/12 + (-1)/4. Let o be (-3 - -2)*-1*g. Let a(y) = y**2 - 17*y - 44. Let s be a(20). What is the highest common factor of o and s?
16
Let q(p) = 6*p + 4. Let o be q(3). Let a(r) = r + 6. Let l be a(-3). Suppose -8 = 4*k, -z = z - l*k - 10. What